 6 = 18*b. Suppose -3*h + 7 + 2 = 0. Suppose f = -b*f + h. Calculate the highest common factor of 6 and f.
1
Suppose 4*g + 504 = a, -4*a = -2*g - 1747 - 311. What is the greatest common factor of 12 and a?
12
Suppose 4*j - 2 - 6 = 0. Let a be (j - 1)*1*90. Suppose -y - 32 = -2*o + 2*y, 36 = 2*o - 4*y. What is the greatest common divisor of a and o?
10
Suppose 4*j + 310 = 2*m, -m = -0*m + 5*j - 148. What is the highest common factor of m and 544?
17
Suppose 36*l + 31 = 2*b + 35*l, 0 = b + l - 23. What is the highest common factor of b and 36?
18
Suppose 5*o + l + 3*l - 55 = 0, l = 2*o - 35. Let r be 273/6 - (12/(-8) - -2). Calculate the greatest common factor of r and o.
15
Suppose 4*m + 0 = 8. Let g(j) = 4*j**3 - j. Let u be g(m). What is the greatest common divisor of u and 12?
6
Let o = -58 + 122. Let k(c) = 3*c - 7. Let a be k(5). What is the greatest common divisor of a and o?
8
Let l be (-1)/(-3) + (-92)/(-12). Let j(q) = 6*q + 44. Let u be j(-6). What is the highest common divisor of u and l?
8
Suppose 3*d = -0 + 48. Let k = d - 13. Suppose 6 = 3*v - 5*c, -4*c = -k*v + 8 + 1. Calculate the greatest common factor of v and 1.
1
Suppose 5*u - 41 = 2*s, -4*u + u + 19 = -4*s. Suppose 0 = 5*w - 6 - u. Let h be 1 + -1 + 3 + w. What is the highest common factor of 6 and h?
6
Suppose l - 51 = 3*q, 5*l - 3*l - q - 77 = 0. Let y = 52 - l. Calculate the greatest common divisor of 176 and y.
16
Suppose -u + 83 = j, -j - 2*j + 246 = 4*u. Let z = j + -79. Calculate the greatest common divisor of z and 21.
7
Let v(t) = 2*t**3 + 9*t**2 + t - 2. Let d be v(-4). Calculate the greatest common factor of 22 and d.
2
Let y(t) = 72*t - 88. Let s be y(2). What is the highest common divisor of 574 and s?
14
Let y(h) = h + 3. Let l be y(4). Let g = l - 7. Suppose g*w - w + 56 = 0. What is the greatest common divisor of 8 and w?
8
Suppose 155*f - 149*f = 252. Calculate the greatest common factor of 14 and f.
14
Suppose -61 + 6 = -2*s + x, s - 22 = -5*x. What is the highest common divisor of 3 and s?
3
Let q(a) = a**2 + 30. Let n be q(0). Suppose 4*k + 3*i - 45 - 20 = 0, -5*k + 80 = 4*i. What is the greatest common factor of k and n?
10
Suppose 2*d = 5*a - 444, -450 = -4*a - a + 5*d. Let f be (-48)/(-36) + a/6. What is the greatest common divisor of 144 and f?
16
Let y be 3*(40/15 - 0). Suppose 0 = -y*n + 442 + 718. What is the greatest common factor of n and 29?
29
Suppose -5*s = -w - 1580, -632 = 9*s - 11*s - w. What is the highest common factor of s and 395?
79
Let w(z) = z**3 - z**2. Let l(t) = 2*t**3 + 2*t**2 + 2*t + 3. Let f(o) = l(o) - 3*w(o). Let m be f(5). What is the highest common factor of m and 104?
13
Suppose -4*z + 42*m = 47*m - 13, -z - 3*m - 2 = 0. What is the highest common factor of 56 and z?
7
Let z = 9 - -6. Let h = 2945 + -2942. What is the greatest common divisor of z and h?
3
Let z(n) = n**2 - 6*n - 1. Let i be z(5). Let p be 8/(i/(-207)*3). Suppose l - 6 = 17. Calculate the highest common divisor of l and p.
23
Let z(a) = 443*a**2 - a - 1. Let q be z(1). Calculate the greatest common divisor of q and 63.
63
Let r(o) be the first derivative of 11*o**4/2 - 2*o**3/3 + o**2 - 26. Let h be r(1). Calculate the highest common divisor of 33 and h.
11
Let d be (-4)/(-14) + 268/(-7). Let s = 188 - 222. Let i = s - d. Calculate the greatest common factor of 1 and i.
1
Let j(p) = -p + 90. Let n be j(0). Suppose -54 = -3*o - 3*b, 17*o = 11*o + 5*b + 75. What is the greatest common factor of n and o?
15
Let b = -130 + 194. Calculate the highest common divisor of 16 and b.
16
Let a = -696 - -791. Suppose v + 2*q = -0*q + 38, 2*v = 5*q + 76. What is the greatest common divisor of v and a?
19
Let k(m) = 2*m**2 - 48*m - 10. Let p be k(30). What is the greatest common divisor of 25 and p?
25
Suppose -3*a = 2*d - 14, -3*a - 5*d = -2*a - 9. Suppose 173 + 483 = a*z - 4*y, 0 = 3*z + 5*y - 524. What is the greatest common factor of z and 21?
21
Let a = -263 - -267. Calculate the greatest common factor of a and 13.
1
Let d = -22352 + 22368. Let z(f) = f**2 - 6*f + 4. Suppose 6*l - 3*l = 18. Let p be z(l). What is the highest common factor of d and p?
4
Suppose -287*p + 5236 = -273*p. What is the highest common factor of 170 and p?
34
Suppose -6*l + 56 = -2*l. Let s(a) = -33*a - 209. Let m be s(-11). What is the greatest common factor of l and m?
14
Let h = -51 + 23. Let j be h/(-3) + (-13)/39. What is the highest common factor of j and 63?
9
Let g = -89 - -619. What is the highest common factor of 20 and g?
10
Let f(g) = 5*g**2 + g - 16. Let s be f(-4). What is the greatest common factor of s and 20?
20
Suppose -3*n - 2*r + 0*r - 4 = 0, -2*r = -4*n - 24. Let i be ((-6)/n - (-7)/14) + 0. Calculate the greatest common divisor of i and 38.
2
Let b = -149 - -374. What is the greatest common divisor of b and 45?
45
Let v = 14 + 19. Let i be 4/(-1 - v/(-30)). Suppose -2*h - i = -3*h. Calculate the highest common factor of h and 16.
8
Let j be 1/4 + 955/20. Suppose 3*x - 1219 = -643. Calculate the greatest common divisor of x and j.
48
Suppose 2*l - t - 2*t = 144, -3*l + t + 230 = 0. Calculate the highest common factor of l and 24.
6
Suppose -3*y + 9*y = 336. What is the highest common divisor of y and 126?
14
Let k be (-88 + 13)*(-2)/(-6)*-2. What is the greatest common divisor of k and 10?
10
Let u(m) = 41*m - 28. Let w be u(1). Suppose -3 - 9 = 3*k, 0 = 5*l + 4*k - 49. Calculate the greatest common divisor of l and w.
13
Let b be (-50)/8 + (-2)/(-8) - (-37 - -20). Suppose 2*t - 7*t = -880. What is the greatest common divisor of t and b?
11
Let t be 0*(-4)/8*2. Let b = 4 - t. Suppose -12 = -b*d, -4*n + d - 3*d = -86. Calculate the greatest common divisor of n and 8.
4
Let h(l) = 28*l. Let b be h(1). Let o(s) = -33*s**3 + s. Let i be o(1). Let d = i - -74. What is the greatest common divisor of d and b?
14
Let w(v) = 15*v**2 + 177*v + 688. Let b be w(-4). What is the greatest common factor of 420 and b?
20
Let s(x) = 30*x**2 + 25*x + 48. Let w be s(-7). What is the greatest common divisor of 17 and w?
17
Let m = 574 - 452. Calculate the highest common factor of m and 915.
61
Let p = 103 - -26. Let r be 2/(p/42 - 3). What is the greatest common factor of r and 196?
28
Suppose 3*u - y = 13, -2*u + 5*y + 9 = -u. Suppose -5*q + 4*l + 125 = 0, u*q + 5*l - 116 = -16. What is the greatest common factor of q and 100?
25
Let z = 75 - 51. Let a = 9 + 31. Let y = a - z. Calculate the greatest common divisor of y and 40.
8
Let q = 2 + -57. Let n = 86 + q. Suppose 17 + 0 = g + 5*h, -5*h - n = -3*g. What is the greatest common divisor of 36 and g?
12
Let p(x) = x**2 - 16*x + 25. Let h be p(15). Suppose 60 = 10*u - h. Calculate the highest common divisor of 49 and u.
7
Suppose 183 = 18*h - 141. Suppose 0 = 3*g - 6*g + 15. Suppose 5*a + 0*c = -3*c + 9, -5*c = -g*a + 25. What is the highest common factor of a and h?
3
Let p be 5/(20/(-8) - -3)*-1. Let x be 257/p*-2 - 3/(-5). Calculate the highest common divisor of 65 and x.
13
Suppose 2*k - 98 = 3*s, -84 + 280 = 4*k + 4*s. Suppose 5*a - 26 = 3*a + 3*d, -2*d - 29 = -3*a. What is the greatest common factor of k and a?
7
Suppose 295 = 5*o - 2*q + 79, -2*o + 90 = q. What is the highest common factor of 1100 and o?
44
Let g(h) = -10*h - 100. Let p be g(-10). Let w = 11 - 8. Suppose j - w*j + 4 = p. Calculate the highest common divisor of j and 16.
2
Let y be (-476)/(-20) + 1/5. Suppose 5*c = 3*c + y. Let q(s) = -s**3 - 12*s**2 - 4*s - 18. Let d be q(-12). Calculate the highest common divisor of c and d.
6
Let t(u) be the third derivative of u**4/12 + u**3/3 - 3*u**2. Suppose -3*o - 2*o + 25 = 0. Let g be t(o). What is the highest common divisor of 96 and g?
12
Let m = 41 - 11. Let v(p) = -p + 15. Let u be v(5). Calculate the highest common factor of m and u.
10
Suppose 3*l + 2080 = -4*b + 6*b, 3*l = -5*b + 5200. Suppose 0 = 2*u - 320 - b. Suppose 2*d + 3*d - u = 0. What is the greatest common divisor of 17 and d?
17
Let t be 4 + (-5 + 59 - 2). Suppose -3*g + 168 = -g. Calculate the highest common factor of t and g.
28
Let j = 778 + -769. Suppose 0*m = -5*n - 4*m + 18, -5*m = n + 9. Calculate the greatest common factor of n and j.
3
Let v(g) = g**3 - 7*g**2 - 3*g + 16. Let y be v(7). Let o(b) = 5*b**2 + 3*b + 10. Let w be o(y). What is the